17. Give r(-4).
1735
Let x(v) = 3*v**3 - 10*v**2 - 693*v + 3474. Calculate x(5).
134
Let p(c) = 5672744*c - 62400179. Give p(11).
5
Let s(b) = 2057*b + 34589. Determine s(-17).
-380
Let q(j) = -2005*j - 112225. Give q(-56).
55
Let p(v) = -v**2 + 8*v + 83. Give p(15).
-22
Let m(g) = 23*g**2 - 2677*g + 6262. What is m(114)?
-8
Let t(v) = -v**3 - 42*v**2 - 168*v - 16. Give t(-36).
-1744
Let r(a) = 3*a**3 - 24*a**2 - 139*a + 903. What is r(7)?
-217
Let b(u) = -4*u**3 + 2*u**2 + 16*u + 22. Determine b(-4).
246
Let p(d) = -15529*d + 170830. Calculate p(11).
11
Let l(s) = -441*s**3 - s**2 - 7*s + 2. Determine l(2).
-3544
Let s(k) = 16810*k - 739526. What is s(44)?
114
Let b(t) = -1847*t - 120076. Calculate b(-65).
-21
Let o(j) = 7*j**2 + 1220*j + 9538. Calculate o(-8).
226
Let s(r) = 5*r**3 - 208*r**2 - 53804*r + 89. Determine s(-85).
4
Let o(d) = -79023*d - 1264346. Determine o(-16).
22
Let k(a) = 15294*a - 17924581. Determine k(1172).
-13
Let l(s) = -s**2 + 91*s + 9854. Give l(-77).
-3082
Let o(c) = 10*c**3 + 14*c**2 - 12*c - 74. What is o(-6)?
-1658
Let c(t) = -18555*t - 37070. Calculate c(-2).
40
Let n(j) = 2*j**2 - 155*j + 454. Calculate n(3).
7
Let b(g) = g**3 - 33*g**2 + 16*g - 136. Give b(31).
-1562
Let n(t) = -t**3 + 219*t**2 - 1042*t - 132. Give n(5).
8
Let o(w) = -w**2 - 156*w - 5092. Give o(-42).
-304
Let c(m) = -306*m + 119170. Give c(387).
748
Let f(t) = t**3 - 59*t**2 + 55*t - 248. What is f(58)?
-422
Let n(b) = -76843*b - 76841. Give n(-1).
2
Let j(b) = -9*b**2 + 374*b + 169. Give j(42).
1
Let o(p) = p**2 - 636*p + 92912. Calculate o(232).
-816
Let c(u) = u**3 - 127*u**2 - 36*u + 5284. What is c(127)?
712
Let j(x) = -x**3 + 10*x**2 + 203*x - 54. Determine j(20).
6
Let u(y) = 7*y**3 + 239*y**2 - 164*y - 6794. What is u(-34)?
-62
Let l(c) = c**3 - 83*c**2 - 257*c - 1137. Give l(86).
-1051
Let a(l) = -38*l**2 + 135*l + 1852. What is a(9)?
-11
Let z(d) = -3*d**3 + 22*d**2 + 27*d + 516. Calculate z(10).
-14
Let k(z) = -13611*z - 13688. Determine k(-1).
-77
Let y(p) = -p**3 - 42*p**2 - 600*p - 2547. Determine y(-7).
-62
Let x(b) = 21867*b - 918438. Determine x(42).
-24
Let n(j) = -33069*j + 628326. Determine n(19).
15
Let k(c) = -5*c**3 + 1170*c**2 - 1955*c + 457477. Give k(234).
7
Let c(w) = -55*w**2 - 239*w - 89. What is c(-10)?
-3199
Let f(k) = 94880*k + 569281. What is f(-6)?
1
Let u(r) = -18270*r + 22033622. Calculate u(1206).
2
Let i(w) = -2*w**3 + 28*w**2 + 78*w + 313. Calculate i(17).
-95
Let o(j) = -4*j**2 + 12610*j - 37819. What is o(3)?
-25
Let y(o) = o**3 + 7*o**2 + 2806*o + 28126. What is y(-10)?
-234
Let b(d) = 127837*d - 1022774. Determine b(8).
-78
Let u(t) = -1727*t - 3604. Give u(-2).
-150
Let q(n) = n**3 - 10*n**2 - 232*n + 581. Calculate q(20).
-59
Let j(a) = 1372*a - 3120. Determine j(2).
-376
Let g(t) = -349*t + 131116. Give g(374).
590
Let s(w) = -w**2 - 7*w + 764. Give s(-77).
-4626
Let p(c) = c**3 + 104*c**2 + 887*c - 28. What is p(-9)?
-316
Let x(t) = t**3 + 27*t**2 - 18*t - 451. Give x(-27).
35
Let h(u) = -u**3 + 6*u**2 + 2*u + 68. Calculate h(15).
-1927
Let w(q) = -q**3 + 9*q**2 + 325*q - 2400. Calculate w(7).
-27
Let o(x) = 2*x**3 - 9*x**2 + 434*x - 4159. What is o(9)?
476
Let i(h) = -3025*h**2 - 8534*h + 1630. What is i(-3)?
7
Let f(k) = -363980*k + 8371535. What is f(23)?
-5
Let p(l) = 5194*l - 6237977. What is p(1201)?
17
Let o(d) = 7*d**2 - 99*d - 74. Calculate o(13).
-178
Let o(j) = -j**3 - 59*j**2 + 238*j + 7105. Calculate o(-61).
29
Let h(f) = 12*f**3 - 1356*f**2 + 48*f - 5432. What is h(113)?
-8
Let x(g) = g**2 + 3219*g + 238927. Determine x(-76).
59
Let k(c) = -608*c + 6994. What is k(7)?
2738
Let s(a) = -36*a**2 + 3502*a + 2267. Calculate s(98).
-281
Let a(g) = -g**2 + 75*g - 1565. What is a(35)?
-165
Let t(g) = 250*g**3 - 55749*g**2 - 233*g + 2224. What is t(223)?
-6
Let u(x) = -739*x + 73739. Calculate u(100).
-161
Let i(y) = -37*y - 5784. Give i(-87).
-2565
Let k(m) = -2*m**3 - 840*m**2 - 3190*m + 57405. Determine k(-416).
-3
Let p(x) = x**3 - 78*x**2 + 267*x - 549. Calculate p(74).
-2695
Let s(u) = 968*u - 16510. Give s(17).
-54
Let p(i) = -4*i**3 - 1804*i**2 - 6*i - 3046. What is p(-451)?
-340
Let t(u) = 30547*u - 824790. Calculate t(27).
-21
Let m(q) = 13911*q + 83123. Calculate m(-6).
-343
Let u(n) = -22*n**3 - 1828*n**2 - 163*n + 261. What is u(-83)?
12
Let i(r) = -5*r**3 + 80*r**2 - 128*r + 425. Determine i(15).
-370
Let r(y) = -22*y**3 + 602*y**2 - 3705*y - 47. Determine r(18).
7
Let o(k) = -106*k**3 - 529*k**2 + 25*k + 27. Determine o(-5).
-73
Let y(b) = -3*b**2 - 2652*b + 45932. Calculate y(17).
-19
Let h(m) = 146944*m**2 + 587788*m + 35. Calculate h(-4).
-13
Let k(i) = -7*i**3 - 73*i**2 - 50*i - 408. Give k(-11).
626
Let d(i) = 73*i**2 + 1157*i - 196. What is d(-16)?
-20
Let d(j) = -41173*j + 2058638. What is d(50)?
-12
Let n(d) = -3773*d - 60370. Calculate n(-16).
-2
Let p(i) = 31*i**2 + 206*i + 601. Calculate p(-3).
262
Let w(v) = -2103*v + 6181. Give w(3).
-128
Let g(d) = 2031*d**2 - 12181*d - 20. Give g(6).
10
Let j(n) = 2*n**2 - 1633*n - 50799. Determine j(-30).
-9
Let w(y) = -3639*y - 18201. Give w(-5).
-6
Let m(u) = -62*u**2 - 7290*u - 3562. Determine m(-117).
650
Let j(v) = -v**3 + 11*v**2 - 31*v - 1520. Calculate j(-8).
-56
Let c(g) = 2*g**3 - 55*g**2 + 353*g - 326. Determine c(5).
314
Let p(s) = -4288*s - 17062. Calculate p(-4).
90
Let n(c) = 753*c - 106855. Calculate n(142).
71
Let x(k) = 31*k**2 + 106*k + 159. Determine x(-5).
404
Let o(t) = 2*t**3 + 50*t**2 - 1141*t - 1907. Give o(-39).
4
Let s(v) = 4*v**3 - 100*v**2 + 24*v - 749. Calculate s(25).
-149
Let k(p) = -771*p - 18091. Give k(-24).
413
Let z(p) = 169*p**3 + 41404*p**2 - 235*p + 2385. Calculate z(-245).
-65
Let p(m) = -138*m**3 + 6347*m**2 + 51*m - 87. What is p(46)?
143
Let m(o) = 5*o**2 - 103103*o + 515413. Give m(5).
23
Let s(g) = g**2 - 24778*g + 10230356. Determine s(420).
-4
Let t(f) = 668*f + 169692. Give t(-254).
20
Let w(g) = 62*g**2 - 1385*g - 31. Calculate w(24).
2441
Let m(r) = -9421*r + 28258. Determine m(3).
-5
Let g(u) = 2*u**2 + 45750*u + 320157. What is g(-7)?
5
Let m(i) = 4*i**3 - 74*i**2 + 47*i - 247. Give m(18).
-49
Let p(z) = 16186*z - 469563. Calculate p(29).
-169
Let p(g) = -16*g**2 - 3965*g + 45611. Determine p(11).
60
Let n(s) = -82*s + 24317. Give n(296).
45
Let p(l) = l**3 - 63*l**2 - 424*l + 578. What is p(69)?
-112
Let w(k) = -16*k**3 + 460*k**2 - 749*k - 151. Give w(27).
38
Let f(r) = r**3 - 1098*r**2 - 56*r + 60. Determine f(0).
60
Let v(a) = 3503*a - 2017757. Give v(576).
-29
Let i(q) = 2*q**3 + 72*q**2 + 522*q + 29. What is i(-26)?
-23
Let w(n) = 2524*n + 436661. Give w(-173).
9
Let b(m) = -7128*m - 57015. Determine b(-8).
9
Let q(d) = -d**2 + 4799*d - 100212. Calculate q(21).
126
Let b(z) = 726*z + 78945. Determine b(-109).
-189
Let o(b) = -222*b - 52939. Calculate o(-230).
-1879
Let o(n) = 6*n**3 - 3789*n**2 - 1901*n + 3164. Give o(632).
4
Let g(u) = 8*u**3 - 56*u**2 + 524*u - 4712. What is g(8)?
-8
Let h(s) = s**2 + 51*s - 13. Determine h(-9).
-391
Let b(o) = 3*o**3 - 43*o**2 - 60*o - 1294. Calculate b(17).
-2
Let q(j) = -j**2 + 77702*j + 1243498. What is q(-16)?
10
Let z(q) = -356*q**2 + 916*q - 1824. Give z(2).
-1416
Let w(i) = 2*i**3 + 33*i**2 + 121*i + 56. Determine w(-22).
-7930
Let m(y) = y**3 - 35*y**2 - 60*y - 468. Calculate m(37).
50
Let d(o) = -o**3 + 70*o**2 - 351*o + 38. Determine d(65).
-1652
Let w(a) = -14*a**3 + 1182*a**2 + 676*a + 362. Give w(85).
22
Let r(b) = 32*b**3 - 102*b**2 + 195*b + 5. What is r(4)?
1201
Let p(l) = -592*l**2 - 1845*l - 16. Calculate p(-4).
-2108
Let q(a) = -556786*a - 2783963. What is q(-5)?
-33
Let v(m) = 2*m**2 + 281791*m - 2536276. What is v(9)?
5
Let k(i) = -2*i**2 + 146*i - 2628. Determine k(36).
36
Let x(j) = -63*j**3 + 15*j**2 + 18*j - 32. Determine x(1).
-62
Let l(f) = f**3 - 16*f**2 + 89*f - 322. Give l(10).
-32
Let f(i) = -i**3 - 33*i**2 - 4689*i - 70681. Determine f(-16).
-9
Let u(y) = -18758*y**2 + 1725734*y + 182. Give u(92).
-2
Let h(d) = -11*d**2 - 209*d - 813. What is h(-8)?
155
Let i(g) = 20*g**2 + 2731*g + 25306. Give i(-10).
-4
Let a(f) = -7*f**2 + 1214*f + 9513. Determine a(181).
-80
Let x(u) = u**3 + 41*u**2 + 128*u - 63. Determine x(-4).
17
Let w(f) = -f**3 - 22*f**2 - 76*f - 620. Give w(-12).
-1148
Let b(r) = -3137*